(a) = -960*a - 66. Calculate l(0).
-66
Let z(c) = c**3 - 13*c**2 + 60*c - 89. What is z(5)?
11
Let m(k) = -k**2 + 26*k - 24. Determine m(25).
1
Let f(c) = -15*c**2 - 77*c. Calculate f(-6).
-78
Let h(i) = -3*i**3 + 9*i**2 - 11*i - 17. Calculate h(2).
-27
Let b(c) = c**3 + 48*c**2 + 32*c - 123. What is b(-47)?
582
Let i(n) = 3*n**2 - 122*n + 246. Calculate i(2).
14
Let p(d) = -3*d**2 - 118*d - 1177. Determine p(-19).
-18
Let z(n) = -1525*n - 39668. What is z(-26)?
-18
Let h(r) = -31*r**2 + 131*r + 17. Calculate h(4).
45
Let y(w) = -23*w - 696. Give y(-17).
-305
Let n(x) = 6*x**2 + 137*x - 15. Give n(-23).
8
Let o(y) = -y**3 - 23*y**2 - 15*y - 349. Give o(-23).
-4
Let c(y) = 2*y**3 + 133*y**2 + 540*y - 1113. What is c(-62)?
3
Let t(z) = 50*z - 971. Give t(20).
29
Let f(b) = 1129*b + 10165. Determine f(-9).
4
Let u(a) = -60*a**3 + 24*a**2 + 24*a - 1. Determine u(-1).
59
Let t(x) = 157*x - 1891. Give t(12).
-7
Let f(n) = 2*n**3 - 195*n**2 - 104*n + 603. Determine f(98).
15
Let a(l) = 42*l + 596. Give a(-14).
8
Let b(w) = -90*w + 4239. Give b(47).
9
Let d(g) = g**2 + 22*g - 103. Calculate d(-33).
260
Let s(v) = -211*v + 2092. Give s(10).
-18
Let m(k) = -291*k + 2318. Determine m(8).
-10
Let y(d) = d**2 + 4*d - 231. Determine y(-17).
-10
Let c(r) = -37*r + 1992. Calculate c(54).
-6
Let z(f) = -f**2 - 43*f + 128. Give z(-46).
-10
Let c(n) = 3*n**2 - 42*n - 41. Calculate c(18).
175
Let n(v) = v**3 + 17*v**2 + 73*v + 33. Calculate n(-7).
12
Let n(x) = x**3 + 132*x**2 + 3868*x - 181. Calculate n(-44).
-5
Let a(l) = 415*l - 8269. What is a(20)?
31
Let g(a) = a**2 + 886*a - 34180. Determine g(37).
-29
Let k(g) = -930*g + 59516. Determine k(64).
-4
Let j(o) = -129*o + 1197. What is j(9)?
36
Let k(h) = 201*h + 800. Give k(-4).
-4
Let x(q) = -q**3 + 10*q**2 + 338*q - 20. Determine x(24).
28
Let f(z) = -1784*z + 19650. What is f(11)?
26
Let w(f) = -29*f**2 - 20*f - 102. Calculate w(-4).
-486
Let o(p) = -2*p**2 + 5*p + 105. Calculate o(0).
105
Let d(p) = -p**3 - 13*p**2 - 17*p - 16. Calculate d(-11).
-71
Let n(z) = z**3 + 2*z - 7. Calculate n(2).
5
Let p(t) = -15*t**2 - 227*t + 216. Give p(-16).
8
Let s(b) = -2*b**3 - 13*b**2 + 38*b + 241. Calculate s(-7).
24
Let r(g) = 59*g + 179. What is r(0)?
179
Let a(u) = -30*u - 13. Calculate a(1).
-43
Let s(n) = 16*n**2 - 301*n - 1773. What is s(-6)?
609
Let n(s) = -8*s**3 - 7*s**2 + s + 10. Determine n(3).
-266
Let u(p) = 33*p - 165. What is u(8)?
99
Let t(v) = 99*v + 597. Calculate t(-6).
3
Let h(w) = 3*w**2 + 49*w - 321. Calculate h(-21).
-27
Let i(p) = 144*p + 4053. What is i(-28)?
21
Let u(v) = 546*v - 3857. Determine u(7).
-35
Let l(u) = 3*u + 65. Give l(-23).
-4
Let t(u) = -3*u**3 + 79*u**2 - 71*u + 1176. Give t(26).
6
Let b(t) = t**3 + 28*t**2 - 503*t - 13700. What is b(-29)?
46
Let f(m) = 50*m + 272. Calculate f(3).
422
Let q(w) = -196*w - 9986. Determine q(-51).
10
Let o(h) = -2*h**2 - 4*h + 15. Calculate o(7).
-111
Let w(x) = 18*x**3 + 32*x**2 + 30*x - 2. Give w(-1).
-18
Let h(s) = s**2 - 13*s + 44. Give h(5).
4
Let p(f) = 9*f**3 + 96*f**2 - 39*f - 70. Give p(-11).
-4
Let n(v) = v**2 + 55*v + 660. What is n(-17)?
14
Let n(w) = 3*w**3 - 47*w**2 - 3*w + 374. Determine n(15).
-121
Let f(w) = 186*w - 900. Determine f(5).
30
Let x(q) = q**3 + 42*q**2 - 186*q - 44. Determine x(-46).
48
Let v(y) = -4*y**2 - 118*y + 235. Determine v(2).
-17
Let w(m) = -951*m - 5681. What is w(-6)?
25
Let o(w) = -331*w + 302. What is o(1)?
-29
Let q(z) = 6*z**2 - 55*z - 2. Determine q(9).
-11
Let m(d) = 13*d - 502. Give m(41).
31
Let f(n) = -2*n**2 + 270*n + 814. Calculate f(-3).
-14
Let f(z) = 1408*z - 43633. Give f(31).
15
Let k(l) = 8*l**2 - 98*l + 6. Determine k(9).
-228
Let m(i) = 9*i**2 + 454*i - 740. Give m(-52).
-12
Let t(g) = -895*g - 15185. Give t(-17).
30
Let k(a) = -8*a**2 - 16*a + 41. Give k(-3).
17
Let t(h) = 10*h**3 + 52*h**2 - 340*h - 1753. Give t(-5).
-3
Let j(d) = -d**2 - 11*d + 132. Calculate j(7).
6
Let j(u) = -20*u**2 - u + 5. Calculate j(-2).
-73
Let d(i) = i - 40. Give d(-8).
-48
Let v(a) = a**3 + 13*a**2 - 36*a - 97. Give v(-15).
-7
Let m(u) = u**3 - 2*u**2 - 10*u + 7. Give m(-2).
11
Let d(h) = 127*h - 1022. Give d(8).
-6
Let m(d) = -d**3 - 144*d**2 + 889*d - 1644. Give m(-150).
6
Let v(p) = -2*p**2 + 113*p + 548. What is v(61)?
-1
Let m(l) = -3*l**3 - 87*l**2 - 27*l - 44. Give m(-29).
739
Let t(f) = -f**2 - 37*f - 9. What is t(-37)?
-9
Let y(r) = -570*r + 3373. Give y(6).
-47
Let x(v) = -v**3 - 56*v**2 - 55*v + 14. What is x(-55)?
14
Let k(f) = 539*f - 25868. What is k(48)?
4
Let b(s) = -464*s**2 + 2325*s - 19. Determine b(5).
6
Let y(b) = 136*b - 45680. Give y(336).
16
Let u(x) = -x**3 + 28*x**2 - 37*x - 408. What is u(26)?
-18
Let m(g) = -824*g + 9059. What is m(11)?
-5
Let r(i) = 11*i - 195. Determine r(17).
-8
Let a(z) = -63*z**2 + 666*z + 303. Give a(11).
6
Let z(o) = o**3 - 36*o**2 - 54*o - 172. What is z(38)?
664
Let z(p) = 18*p**3 + 109*p**2 - 9*p - 90. Calculate z(-6).
0
Let p(k) = -20*k + 146. Calculate p(8).
-14
Let u(p) = 23*p**2 + 1057*p - 34. Calculate u(-46).
12
Let k(w) = -371*w + 1314. Give k(3).
201
Let w(h) = h**3 - h**2 + 2*h. Give w(-3).
-42
Let f(i) = i**3 - 70*i**2 + 64*i + 540. Calculate f(69).
195
Let r(i) = i**3 - 22*i**2 - 24. What is r(22)?
-24
Let q(j) = -136*j + 54. Calculate q(1).
-82
Let c(m) = -2*m**3 - 56*m**2 + 58*m - 12. Calculate c(-29).
-12
Let i(t) = 2*t**2 + 38*t - 328. Calculate i(-28).
176
Let v(t) = -t**2 - 105*t - 168. What is v(-103)?
38
Let z(n) = n**2 - 38*n + 293. Give z(17).
-64
Let j(g) = 4*g - 22. Give j(41).
142
Let y(z) = -z**3 - 6*z**2 + 56*z + 258. What is y(-4)?
2
Let i(y) = 5*y**2 - 124*y - 429. Determine i(-3).
-12
Let t(j) = -j**3 + 37*j**2 - 106*j + 117. What is t(34)?
-19
Let i(h) = -672*h - 28893. Calculate i(-43).
3
Let q(h) = -859*h - 139162. Calculate q(-162).
-4
Let l(b) = -5*b**2 - 1045*b + 22912. Calculate l(20).
12
Let f(n) = 2*n**3 + 139*n**2 - 280*n + 3. Determine f(2).
15
Let d(c) = -2*c**3 - 164*c**2 - 163*c + 6. Calculate d(-81).
87
Let u(a) = 292*a - 6719. Calculate u(23).
-3
Let a(m) = -2492*m + 14958. Calculate a(6).
6
Let d(z) = 103*z + 1098. Give d(-11).
-35
Let q(v) = -5*v**2 - 39*v - 108. Calculate q(-6).
-54
Let j(t) = -t**3 - t**2 + 19. Determine j(0).
19
Let b(y) = 2*y**3 - 12*y**2 - 103*y + 4. Determine b(-5).
-31
Let t(p) = 8*p**2 - 40*p - 8. Calculate t(6).
40
Let y(j) = -j**2 - 134*j - 389. Determine y(-131).
4
Let f(j) = j**3 + 16*j**2 + 37*j - 23. Give f(-13).
3
Let s(w) = 343*w + 33261. What is s(-97)?
-10
Let z(o) = o**3 - 156*o**2 + 138*o + 2619. Calculate z(155).
-16
Let s(d) = -286*d + 915. What is s(3)?
57
Let q(y) = 48*y - 603. Determine q(13).
21
Let h(k) = -94*k - 884. Calculate h(-8).
-132
Let r(c) = -2*c**3 - 148*c**2 - 142*c + 297. Determine r(-73).
5
Let t(i) = -10278*i - 30829. Determine t(-3).
5
Let a(j) = j**3 + 3*j**2 - 22*j - 49. What is a(-7)?
-91
Let p(q) = -3*q**2 - 41*q - 1. Calculate p(-11).
87
Let u(f) = -2*f - 48. Determine u(50).
-148
Let k(g) = g**2 + 3*g - 306. Calculate k(-19).
-2
Let o(r) = r**3 + 50*r**2 - 63*r - 619. Determine o(-51).
-7
Let m(c) = 3*c**2 - 11*c - 146. Determine m(10).
44
Let j(o) = -78*o - 794. Give j(-10).
-14
Let v(h) = 2*h**3 - 52*h**2 + 316*h - 6. Give v(9).
84
Let o(y) = -y**3 + 9*y**2 - 163*y + 1242. Determine o(8).
2
Let v(y) = -3*y**2 + 120*y - 348. Calculate v(41).
-471
Let k(p) = -118*p - 795. Determine k(-7).
31
Let u(g) = g**2 + g - 15. Determine u(-4).
-3
Let u(w) = -w**3 - 69*w**2 + 73*w + 468. Determine u(-70).
258
Let x(m) = -m**3 - 92*m**2 - 1220*m - 291. Give x(-76).
13
Let i(b) = 6*b**3 - b**2 + 4280*b + 4282. What is i(-1)?
-5
Let l(r) = r**3 + 74*r**2 + 134*r - 281. Give l(-72).
439
Let l(a) = -17*a + 506. Give l(39).
-157
Let f(c) = -c**3 - 236*c**2 - 3917*c + 1525. Give f(-218).
-1
Let z(f) = -1373*f + 9606. What is z(7)?
-5
Let l(t) = t**3 - 11*t**2 + 13*t + 2. Give l(10).
32
Let o(m) = -2*m**3 - 56*m**2 - 145*m + 86. Determine o(-25).
-39
Let h(l) = -l**3 - 18*l**2 - 40*l - 1120. What is h(-19)?
1
Let q(t) = 248*t + 501. Determine q(-2).
5
Let p(c) = 143*c + 3450. Calculate p(-24).
18
Let d(s) = -s**3 - 2*s**2 - 4*s + 23. Calculate d(0).
23
Let v(i) = 2*i**3 - 118*i**2 - i - 31. Calculate v(59).
-90
Let r(z) = 4*z - 111. Calculate r(13).
-59
Le